{"id":7866,"date":"2024-10-22T14:45:30","date_gmt":"2024-10-22T17:45:30","guid":{"rendered":"https:\/\/proservice.com.ar\/?post_type=product&#038;p=7866"},"modified":"2026-04-01T11:20:38","modified_gmt":"2026-04-01T14:20:38","slug":"micro-converter-bidirectional-sdi-hdmi-12g-wpsu","status":"publish","type":"product","link":"https:\/\/proservice.com.ar\/index.php\/product\/micro-converter-bidirectional-sdi-hdmi-12g-wpsu\/","title":{"rendered":"Micro Converter BiDirectional SDI\/HDMI 12G wPSU"},"content":{"rendered":"<p>Conversi\u00f3n simult\u00e1nea entre se\u00f1ales SDI y HDMI en cualquier formato SD, HD o UHD, a una resoluci\u00f3n m\u00e1xima de 2160p60. Este modelo brinda la posibilidad de procesar distintas definiciones al mismo tiempo, de modo que es como tener dos conversores en uno. Las conexiones SDI 12G son compatibles con todo tipo de equipos profesionales, inclusive se\u00f1ales de nivel A y B. Adem\u00e1s, el conversor detecta autom\u00e1ticamente todos los formatos, y cuenta con todo lo necesario para conectar equipos inform\u00e1ticos y c\u00e1maras de consumo masivo o supervisar la calidad de las im\u00e1genes mediante proyectores o televisores de pantalla grande. Su dise\u00f1o met\u00e1lico y resistente es ideal para todo tipo transmisiones y producciones en directo. Por otro lado, gracias a su tama\u00f1o compacto, es f\u00e1cil de ocultar y emplear en cualquier lugar, y puede alimentarse a trav\u00e9s de cualquier puerto USB-C o la fuente de alimentaci\u00f3n incluida con distintos adaptadores.<\/p>\n","protected":false},"excerpt":{"rendered":"<p>Micro Converter BiDirectional SDI\/HDMI 12G wPSU<\/p>\n","protected":false},"featured_media":7930,"template":"","meta":{"om_disable_all_campaigns":false},"pwb-brand":[],"product_brand":[],"product_cat":[71,57],"product_tag":[88],"class_list":{"0":"post-7866","1":"product","2":"type-product","3":"status-publish","4":"has-post-thumbnail","6":"product_cat-blackmagic-design","7":"product_cat-converter","8":"product_tag-convbdc-sdi-hdmi12g-p","10":"first","11":"instock","12":"shipping-taxable","13":"purchasable","14":"product-type-simple"},"aioseo_notices":[],"jetpack_sharing_enabled":true,"brands":[],"_links":{"self":[{"href":"https:\/\/proservice.com.ar\/index.php\/wp-json\/wp\/v2\/product\/7866","targetHints":{"allow":["GET"]}}],"collection":[{"href":"https:\/\/proservice.com.ar\/index.php\/wp-json\/wp\/v2\/product"}],"about":[{"href":"https:\/\/proservice.com.ar\/index.php\/wp-json\/wp\/v2\/types\/product"}],"wp:featuredmedia":[{"embeddable":true,"href":"https:\/\/proservice.com.ar\/index.php\/wp-json\/wp\/v2\/media\/7930"}],"wp:attachment":[{"href":"https:\/\/proservice.com.ar\/index.php\/wp-json\/wp\/v2\/media?parent=7866"}],"wp:term":[{"taxonomy":"pwb-brand","embeddable":true,"href":"https:\/\/proservice.com.ar\/index.php\/wp-json\/wp\/v2\/pwb-brand?post=7866"},{"taxonomy":"product_brand","embeddable":true,"href":"https:\/\/proservice.com.ar\/index.php\/wp-json\/wp\/v2\/product_brand?post=7866"},{"taxonomy":"product_cat","embeddable":true,"href":"https:\/\/proservice.com.ar\/index.php\/wp-json\/wp\/v2\/product_cat?post=7866"},{"taxonomy":"product_tag","embeddable":true,"href":"https:\/\/proservice.com.ar\/index.php\/wp-json\/wp\/v2\/product_tag?post=7866"}],"curies":[{"name":"wp","href":"https:\/\/api.w.org\/{rel}","templated":true}]}}