{"id":7897,"date":"2023-11-05T10:27:07","date_gmt":"2023-11-05T13:27:07","guid":{"rendered":"https:\/\/proservice.com.ar\/?post_type=product&#038;p=7897"},"modified":"2025-11-05T11:23:51","modified_gmt":"2025-11-05T14:23:51","slug":"camara-digital-mirrorless-vlogger-aps-c-zv-e10","status":"publish","type":"product","link":"https:\/\/proservice.com.ar\/index.php\/product\/camara-digital-mirrorless-vlogger-aps-c-zv-e10\/","title":{"rendered":"C\u00e1mara Digital Mirrorless Vlogger APS-C ZV-E10"},"content":{"rendered":"<p>Dise\u00f1ado para vlogueros creativos que buscan lograr una apariencia art\u00edstica, la ZV-E10 se encarga de los aspectos t\u00e9cnicos de la producci\u00f3n de video. Crea un vlog asombroso aprovechando los lentes intercambiables, el gran sensor APS-C, el micr\u00f3fono direccional incorporado de 3 c\u00e1psulas y las funciones especiales dise\u00f1adas para vlogueros que te permiten crear un vlog con aspecto profesional sin complicaciones.<\/p>\n<div class=\"title\">Un sensor de im\u00e1genes grande para lograr im\u00e1genes con calidad profesional<\/div>\n<div class=\"description\">Las incre\u00edbles im\u00e1genes de la ZV-E10 son el resultado del sensor de imagen APS-C de gran tama\u00f1o de la c\u00e1mara. Comparado con la c\u00e1mara de un smartphone, el sensor de imagen de la ZV-E10 es m\u00e1s de 10 veces<sup class=\"pasonyb2cqa-product-custom-0-x-openGate\" data-note=\"Aproximadamente, en comparaci\u00f3n con un sensor de 1\/2,3 pulgadas.\">1<\/sup>\u00a0m\u00e1s grande, lo que permite obtener im\u00e1genes atractivas y de aspecto profesional con high resolution y gran nivel de detalle.\u00a0[1]APS-C ][2]Tipo 1.0 ][3]Tipos 1\/2.3~1\/3.4]<\/div>\n<div>\n<div class=\"title\">Dise\u00f1ada para capturar selfis y vlogs f\u00e1cilmente<\/div>\n<div class=\"description\">Gracias a su peso de solo 364 gramos<sup class=\"pasonyb2cqa-product-custom-0-x-openGate\" data-note=\"Con bater\u00eda y tarjeta de memoria incluidas.\">4<\/sup>, la ZV-E10 est\u00e1 lista para viajar contigo cuando est\u00e9s listo para crear un vlog. La pantalla LCD de \u00e1ngulo variable con apertura lateral permite tomar selfis y revisar tu encuadre f\u00e1cilmente, incluso cuando est\u00e1s sacando fotos desde posiciones altas o bajas, y la empu\u00f1adura ergon\u00f3mica est\u00e1 dise\u00f1ada para lograr una sujeci\u00f3n segura y estable.<\/div>\n<div>\n<div class=\"title\">Video 4K con sobremuestreo para obtener m\u00e1s detalles<\/div>\n<div class=\"description\">Las grabaciones de video 4K internas de la c\u00e1mara<sup class=\"pasonyb2cqa-product-custom-0-x-openGate\" data-note=\"4K (QFHD: 3.840 x 2.160)\">2<\/sup>\u00a0se realizan utilizando una lectura de p\u00edxeles completa desde el sensor, lo cual permite la recopilaci\u00f3n de aproximadamente 2,4 veces<sup class=\"pasonyb2cqa-product-custom-0-x-openGate\" data-note=\"Cuando capturas en XAVC S 4K 24p.\">3<\/sup>\u00a0la cantidad de informaci\u00f3n que se requiere para lograr una calidad 4K (aproximadamente equivalente a 6K). Este sobremuestreo significa que el metraje grabado tiene m\u00e1s datos visuales comprimidos en cada fotograma, lo cual permite im\u00e1genes de video sorprendentemente detalladas.\u00a0\u00a0(A) 2,4 veces m\u00e1s informaci\u00f3n<\/div>\n<div class=\"pasonyb2cqa-product-custom-0-x-containerLegal\">\n<div class=\"pasonyb2cqa-product-custom-0-x-itemTitle\">Legales<\/div>\n<div>Enfoque autom\u00e1tico r\u00e1pido y preciso<br \/>\nIncluso los sujetos en movimiento permanecen enfocados gracias al sistema de enfoque autom\u00e1tico h\u00edbrido r\u00e1pido de la ZV-E10. Esta amplia cobertura y densidad de puntos de EA, con detecci\u00f3n de fases de 425 puntos6 que cubre el 84 %7 de la imagen del sensor, te permiten capturar con precisi\u00f3n sujetos que, de otro modo, ser\u00edan dif\u00edciles de enfocar.<\/div>\n<\/div>\n<\/div>\n<\/div>\n<ul class=\"pasonyb2cqa-shelf-custom-0-x-listFeatures\">\n<li class=\"pasonyb2cqa-shelf-custom-0-x-Feature\">C\u00e1mara con lentes intercambiables para vlogueros<\/li>\n<li class=\"pasonyb2cqa-shelf-custom-0-x-Feature\">Gran sensor Exmor\u2122 CMOS tipo APS-C de 24,2 megap\u00edxeles<\/li>\n<li class=\"pasonyb2cqa-shelf-custom-0-x-Feature\">Micr\u00f3fono direccional de 3 c\u00e1psulas con paravientos<\/li>\n<\/ul>\n","protected":false},"excerpt":{"rendered":"<p>C\u00e1mara Digital Mirrorless Vlogger APS-C ZV-E10<\/p>\n","protected":false},"featured_media":7898,"template":"","meta":{"om_disable_all_campaigns":false},"pwb-brand":[],"product_brand":[],"product_cat":[15,527],"product_tag":[702],"class_list":{"0":"post-7897","1":"product","2":"type-product","3":"status-publish","4":"has-post-thumbnail","6":"product_cat-camera","7":"product_cat-sony","8":"product_tag-zv-e10","10":"first","11":"outofstock","12":"shipping-taxable","13":"product-type-simple"},"aioseo_notices":[],"jetpack_sharing_enabled":true,"brands":[],"_links":{"self":[{"href":"https:\/\/proservice.com.ar\/index.php\/wp-json\/wp\/v2\/product\/7897","targetHints":{"allow":["GET"]}}],"collection":[{"href":"https:\/\/proservice.com.ar\/index.php\/wp-json\/wp\/v2\/product"}],"about":[{"href":"https:\/\/proservice.com.ar\/index.php\/wp-json\/wp\/v2\/types\/product"}],"wp:featuredmedia":[{"embeddable":true,"href":"https:\/\/proservice.com.ar\/index.php\/wp-json\/wp\/v2\/media\/7898"}],"wp:attachment":[{"href":"https:\/\/proservice.com.ar\/index.php\/wp-json\/wp\/v2\/media?parent=7897"}],"wp:term":[{"taxonomy":"pwb-brand","embeddable":true,"href":"https:\/\/proservice.com.ar\/index.php\/wp-json\/wp\/v2\/pwb-brand?post=7897"},{"taxonomy":"product_brand","embeddable":true,"href":"https:\/\/proservice.com.ar\/index.php\/wp-json\/wp\/v2\/product_brand?post=7897"},{"taxonomy":"product_cat","embeddable":true,"href":"https:\/\/proservice.com.ar\/index.php\/wp-json\/wp\/v2\/product_cat?post=7897"},{"taxonomy":"product_tag","embeddable":true,"href":"https:\/\/proservice.com.ar\/index.php\/wp-json\/wp\/v2\/product_tag?post=7897"}],"curies":[{"name":"wp","href":"https:\/\/api.w.org\/{rel}","templated":true}]}}