{"id":7910,"date":"2024-11-12T16:20:01","date_gmt":"2024-11-12T19:20:01","guid":{"rendered":"https:\/\/proservice.com.ar\/?post_type=product&#038;p=7910"},"modified":"2025-11-12T16:24:59","modified_gmt":"2025-11-12T19:24:59","slug":"camara-de-video-full-frame-hxr-nx800-4k-hdr-24-480mm","status":"publish","type":"product","link":"https:\/\/proservice.com.ar\/index.php\/product\/camara-de-video-full-frame-hxr-nx800-4k-hdr-24-480mm\/","title":{"rendered":"C\u00e1mara de Video Full Frame HXR-NX800 4K HDR 24-480mm"},"content":{"rendered":"<p>Capture incre\u00edble material de video 4K HDR con colores, texturas y detalles destacados. El poderoso sensor CMOS Exmor RS\u2122 de 1,0\u201d de la c\u00e1mara NX800 produce im\u00e1genes con alta sensibilidad y bajo nivel de ruido, a hasta 120fps* en 4K y 240 fps en FHD. Preserve cada detalle con la lectura de todos los p\u00edxeles y el procesamiento de im\u00e1genes en tiempo real BIONZ XR\u2122. Adem\u00e1s, la compatibilidad con 709tone y S-Cinetone\u2122 facilita la coincidencia de colores con los sistemas de c\u00e1mara Cinema Line y de Sony.<\/p>\n<p>Sensor CMOS Exmor RS de 1,0\u201d<br \/>\nPara lograr un rendimiento de imagen que de otro modo ser\u00eda imposible con una videoc\u00e1mara compacta, la NX800 cuenta con un gran sensor de imagen CMOS Exmor RS de 1.0\u201d y aprox. 14,0 megap\u00edxeles (efectivos). Su exclusiva estructura apilada, con p\u00edxeles retroiluminados superpuestos sobre circuitos de procesamiento de se\u00f1al integrados, hace posible tanto velocidades de lectura m\u00e1s r\u00e1pidas como un rendimiento superior en condiciones de poca luz debido a que el sensor recibe m\u00e1s iluminaci\u00f3n.<\/p>\n<p>Procesador de im\u00e1genes BIONZ XR<br \/>\nDentro del sensor de imagen, se encuentra integrado nuestro m\u00e1s moderno procesador de im\u00e1genes BIONZ XR, que permite lograr mayores velocidades de cuadros, un enfoque autom\u00e1tico m\u00e1s r\u00e1pido, control Auto Tracing White Balance (ATW) mejorado y reducci\u00f3n de ruido superior. Extrae el m\u00e1ximo rendimiento del sensor de im\u00e1genes de alta resoluci\u00f3n para capturar sin esfuerzo las m\u00e1s sutiles texturas y los m\u00e1s finos detalles. El sobremuestreo 5K con lectura de todos los p\u00edxeles compendia la amplia informaci\u00f3n de las im\u00e1genes en incre\u00edble video 4K 60p (3840 x 2160).<\/p>\n<p>Unidad de procesamiento avanzada impulsada por IA que logra un AF de pr\u00f3xima generaci\u00f3n<br \/>\nUna unidad de procesamiento especializada impulsada por IA que trabaja en conjunto con el procesador BIONZ XR utiliza el aprendizaje profundo basado en datos de forma y postura de los seres humanos para reconocer sujetos con gran precisi\u00f3n. El sistema Fast Hybrid AF ofrece una amplia cobertura del 81 % para asistir mejor a las funciones de enfoque autom\u00e1tico con reconocimiento de sujetos y de seguimiento en tiempo real. La c\u00e1mara NX800 puede seguir y enfocar sin esfuerzo a los sujetos en cualquier lugar del cuadro.<\/p>\n<p>120 fps en 4K para lograr incre\u00edble material de video en c\u00e1mara lenta<br \/>\nLa alta velocidad de lectura del sensor Exmor RS permite grabar a velocidades de hasta 120 fps en 4K HFR (alta frecuencia de cuadros) y 240 fps en FHD. La c\u00e1mara logra grabaciones en c\u00e1mara lenta 4x en 4K a 30p o 5x a 24p. Sea cual sea la opci\u00f3n creativa, el enfoque autom\u00e1tico de alta velocidad asegura que el sujeto est\u00e9 siempre bien enfocado. El modo Slow &amp; Quick Motion** se admite para grabaciones hasta 4K a 120 fps y FHD a 240 fps. * Con un recorte aprox. del 23 %, 100 fps\/200 fps en modo PAL. Por favor consulte el manual de instrucciones para conocer los requerimientos m\u00ednimos de la tarjeta de memoria para garantizar el correcto funcionamiento. Tenga en cuenta que esta imagen se grab\u00f3 con la c\u00e1mara PXW-Z200. ** No se graba audio en el modo Slow &amp; Quick Motion.<\/p>\n<p>Estabilizaci\u00f3n de imagen avanzada<br \/>\nMinimice los efectos del movimiento de la c\u00e1mara con la estabilizaci\u00f3n de imagen integrada. Aseg\u00farese de lograr material de video fluido y estable en modo Activo*, en el que la estabilizaci\u00f3n \u00f3ptica y electr\u00f3nica funcionan al un\u00edsono para realizar tomas con c\u00e1mara en mano sin esfuerzo. * Imagen ligeramente recortada en modo Activo. El modo Activo no est\u00e1 disponible al grabar a velocidades de cuadros de 120 (100) fps o superiores, incluso en S &amp; Q.<\/p>\n","protected":false},"excerpt":{"rendered":"<p>HXR-NX800<\/p>\n","protected":false},"featured_media":7916,"template":"","meta":{"om_disable_all_campaigns":false},"pwb-brand":[],"product_brand":[],"product_cat":[15,527],"product_tag":[703],"class_list":{"0":"post-7910","1":"product","2":"type-product","3":"status-publish","4":"has-post-thumbnail","6":"product_cat-camera","7":"product_cat-sony","8":"product_tag-hxr-nx800","10":"first","11":"onbackorder","12":"shipping-taxable","13":"product-type-simple"},"aioseo_notices":[],"jetpack_sharing_enabled":true,"brands":[],"_links":{"self":[{"href":"https:\/\/proservice.com.ar\/index.php\/wp-json\/wp\/v2\/product\/7910","targetHints":{"allow":["GET"]}}],"collection":[{"href":"https:\/\/proservice.com.ar\/index.php\/wp-json\/wp\/v2\/product"}],"about":[{"href":"https:\/\/proservice.com.ar\/index.php\/wp-json\/wp\/v2\/types\/product"}],"wp:featuredmedia":[{"embeddable":true,"href":"https:\/\/proservice.com.ar\/index.php\/wp-json\/wp\/v2\/media\/7916"}],"wp:attachment":[{"href":"https:\/\/proservice.com.ar\/index.php\/wp-json\/wp\/v2\/media?parent=7910"}],"wp:term":[{"taxonomy":"pwb-brand","embeddable":true,"href":"https:\/\/proservice.com.ar\/index.php\/wp-json\/wp\/v2\/pwb-brand?post=7910"},{"taxonomy":"product_brand","embeddable":true,"href":"https:\/\/proservice.com.ar\/index.php\/wp-json\/wp\/v2\/product_brand?post=7910"},{"taxonomy":"product_cat","embeddable":true,"href":"https:\/\/proservice.com.ar\/index.php\/wp-json\/wp\/v2\/product_cat?post=7910"},{"taxonomy":"product_tag","embeddable":true,"href":"https:\/\/proservice.com.ar\/index.php\/wp-json\/wp\/v2\/product_tag?post=7910"}],"curies":[{"name":"wp","href":"https:\/\/api.w.org\/{rel}","templated":true}]}}