{"id":7933,"date":"2023-12-01T15:45:07","date_gmt":"2023-12-01T18:45:07","guid":{"rendered":"https:\/\/proservice.com.ar\/?post_type=product&#038;p=7933"},"modified":"2026-01-07T13:57:55","modified_gmt":"2026-01-07T16:57:55","slug":"hollyland-lark-max-hl-olm02-omnidirectional-lavalier-microphone-black","status":"publish","type":"product","link":"https:\/\/proservice.com.ar\/index.php\/product\/hollyland-lark-max-hl-olm02-omnidirectional-lavalier-microphone-black\/","title":{"rendered":"Hollyland LARK MAX HL-OLM02 Omnidirectional Lavalier Microphone (Black)"},"content":{"rendered":"<p><span dir=\"auto\">Dise\u00f1ado para los transmisores\u00a0<\/span><span dir=\"auto\">Hollyland<\/span><span dir=\"auto\">\u00a0LARK MAX, este\u00a0<\/span><span dir=\"auto\">micr\u00f3fono lavalier omnidireccional LARK MAX HL-OLM02<\/span><span dir=\"auto\">\u00a0negro ofrece una alternativa de montaje discreta para tus vlogs o grabaciones de entrevistas. El lavalier cuenta con un patr\u00f3n de captaci\u00f3n omnidireccional flexible y un conector TRS macho de 3,5 mm en \u00e1ngulo recto al final de su cable de 1,2 m. Incorpora un paravientos de espuma y una pinza de cocodrilo para sujetarlo a la solapa de tu artista. Usa el paravientos de felpa para los d\u00edas m\u00e1s ventosos.<\/span><\/p>\n<ul>\n<li>Lavalier Microphone x 1<\/li>\n<li>Cable Length: 3.9 ft.\/1.2 m<\/li>\n<li>Mic Polar Pattern: Omnidirectional<\/li>\n<li>Frequency Response: 20Hz \u2013 20kHz<\/li>\n<\/ul>\n","protected":false},"excerpt":{"rendered":"<p>Hollyland LARK MAX HL-OLM02 Omnidirectional Lavalier Microphone<\/p>\n","protected":false},"featured_media":7935,"template":"","meta":{"om_disable_all_campaigns":false},"pwb-brand":[],"product_brand":[],"product_cat":[77,641],"product_tag":[],"class_list":{"0":"post-7933","1":"product","2":"type-product","3":"status-publish","4":"has-post-thumbnail","6":"product_cat-hollyland","7":"product_cat-microfonos","9":"first","10":"instock","11":"shipping-taxable","12":"purchasable","13":"product-type-simple"},"aioseo_notices":[],"jetpack_sharing_enabled":true,"brands":[],"_links":{"self":[{"href":"https:\/\/proservice.com.ar\/index.php\/wp-json\/wp\/v2\/product\/7933","targetHints":{"allow":["GET"]}}],"collection":[{"href":"https:\/\/proservice.com.ar\/index.php\/wp-json\/wp\/v2\/product"}],"about":[{"href":"https:\/\/proservice.com.ar\/index.php\/wp-json\/wp\/v2\/types\/product"}],"wp:featuredmedia":[{"embeddable":true,"href":"https:\/\/proservice.com.ar\/index.php\/wp-json\/wp\/v2\/media\/7935"}],"wp:attachment":[{"href":"https:\/\/proservice.com.ar\/index.php\/wp-json\/wp\/v2\/media?parent=7933"}],"wp:term":[{"taxonomy":"pwb-brand","embeddable":true,"href":"https:\/\/proservice.com.ar\/index.php\/wp-json\/wp\/v2\/pwb-brand?post=7933"},{"taxonomy":"product_brand","embeddable":true,"href":"https:\/\/proservice.com.ar\/index.php\/wp-json\/wp\/v2\/product_brand?post=7933"},{"taxonomy":"product_cat","embeddable":true,"href":"https:\/\/proservice.com.ar\/index.php\/wp-json\/wp\/v2\/product_cat?post=7933"},{"taxonomy":"product_tag","embeddable":true,"href":"https:\/\/proservice.com.ar\/index.php\/wp-json\/wp\/v2\/product_tag?post=7933"}],"curies":[{"name":"wp","href":"https:\/\/api.w.org\/{rel}","templated":true}]}}