{"id":7945,"date":"2025-12-09T15:14:55","date_gmt":"2025-12-09T18:14:55","guid":{"rendered":"https:\/\/proservice.com.ar\/?post_type=product&#038;p=7945"},"modified":"2026-03-18T15:46:42","modified_gmt":"2026-03-18T18:46:42","slug":"stream-deck-xl","status":"publish","type":"product","link":"https:\/\/proservice.com.ar\/index.php\/product\/stream-deck-xl\/","title":{"rendered":"Stream Deck XL"},"content":{"rendered":"<p>Multitud de teclas LCD personalizables que hacen que Stream Deck XL sea perfecto para usuarios avanzados que exigen m\u00e1s para su flujo de trabajo.<\/p>\n<p>Certificado por Zoom<\/p>\n<p>Comprobado para ofrecer experiencias de reuniones en l\u00ednea de alta calidad<\/p>\n<div>\n<p>Tama\u00f1o extra igual a control extra<br \/>\nStream Deck XL pone en tus manos a\u00fan m\u00e1s control creativo. Disfrutar\u00e1s de un mayor control profesional para optimizar tu contenido. M\u00e1s acceso a integraciones que te ahorran tiempo. M\u00e1s flexibilidad para aumentar la calidad de tus producciones. M\u00e1s de todas esas cosas que aportan frescura a tu stream y enganchan al p\u00fablico.<\/p>\n<p>Subiendo a\u00fan m\u00e1s el list\u00f3n<br \/>\nLa mayor cuadr\u00edcula de 8\u00d74 ofrece un total de 32 teclas LCD, cada una de ellas con una estupenda resoluci\u00f3n y reproducci\u00f3n fluida. Personal\u00edzalas todas con iconos est\u00e1ticos o din\u00e1micos. Disfruta de un control t\u00e1ctil de un solo toque como nunca hab\u00edas podido. Recibe respuestas visuales instant\u00e1neas para confirmar todas tus \u00f3rdenes. Y pulsa sin miedo gracias al soporte magn\u00e9tico antideslizante que mantiene sin problemas el \u00e1ngulo perfecto.<\/p>\n<p>El n\u00facleo de tu streaming<br \/>\nEmpieza tu streaming. Ajusta los niveles de audio y silencia el micr\u00f3fono. Cambia la iluminaci\u00f3n. Pasa de una c\u00e1mara a otra. Aplica gr\u00e1ficos a la parte inferior de la imagen. Cambiar de escena. Activa tu pantalla de intermedio. Lanza v\u00eddeos, im\u00e1genes, GIF y fragmentos sonoros. Y finaliza la sesi\u00f3n con tu secuencia personal de despedida. Si se trata de realizaci\u00f3n avanzada para directo, Stream Deck XL te da un control creativo supremo.<\/p>\n<p>Funciona con todo tu sistema<br \/>\nLas acciones de teclas directas convierten los atajos de teclado en cosa del pasado. Ahora puedes abrir aplicaciones, sitios web y carpetas, acceder a textos redactados de antemano (e incluso simplificar tus labores de edici\u00f3n de v\u00eddeo, dise\u00f1o gr\u00e1fico y producci\u00f3n de audio) sin dudar un instante. Sabr\u00e1s exactamente d\u00f3nde est\u00e1n tus macros, y adem\u00e1s nunca hab\u00edan tenido un aspecto tan magn\u00edfico.<br \/>\nPersonaliza tu equipo<br \/>\nSolo tienes que arrastrar acciones a las teclas y a\u00f1adir iconos. \u00bfNecesitas m\u00e1s acciones? Convierte teclas en carpetas y almacena todas las acciones que quieras. Tambi\u00e9n puedes guardar configuraciones de teclas como perfiles para acceder al instante a acciones para cierto tipo de tareas. Y adem\u00e1s, puedes configurar tu Stream Deck para que cambie de perfil autom\u00e1ticamente al cambiar de una aplicaci\u00f3n a otra.<\/p>\n<p>Sabe lo que necesitas<br \/>\nEn un instante est\u00e1s transmitiendo en directo y al siguiente est\u00e1s editando un clip, grabando una promo o anunciando tu canal. Crea un n\u00famero ilimitado de perfiles inteligentes con distintas distribuciones de teclas para diferentes tareas, y cambia de uno a otro seg\u00fan lo que tengas que hacer. O deja que el Stream Deck XL cambie autom\u00e1ticamente las distribuciones de teclas por ti.<\/p>\n<p>Lanza reacciones en cadena<br \/>\n\u00bfPor qu\u00e9 pulsar varias teclas (por ejemplo, para poner la escena de entrada, tuitear que est\u00e1s en directo y escribir un mensaje de bienvenida en el chat) cuando podr\u00e1s hacerlo todo con una sola? Como lo oyes. Asigna un n\u00famero ilimitado de acciones a una sola tecla y l\u00e1nzalas todas al pulsar. Una a una, separadas por un intervalo de tiempo. O todas juntas a la vez.<\/p>\n<p>DIVE DEEP<br \/>\nExplore how Stream Deck empowers creators with customizable keys, smart profiles, and seamless app integration \u2014 making every workflow faster, smoother, and more creative.<\/p>\n<\/div>\n","protected":false},"excerpt":{"rendered":"<p>Stream Deck XL<\/p>\n<p>&nbsp;<\/p>\n","protected":false},"featured_media":7948,"template":"","meta":{"om_disable_all_campaigns":false},"pwb-brand":[],"product_brand":[],"product_cat":[682,61],"product_tag":[708],"class_list":{"0":"post-7945","1":"product","2":"type-product","3":"status-publish","4":"has-post-thumbnail","6":"product_cat-elgato","7":"product_cat-keyboard-and-control-panel","8":"product_tag-stream-deck-xl","10":"first","11":"outofstock","12":"sale","13":"shipping-taxable","14":"purchasable","15":"product-type-simple"},"aioseo_notices":[],"jetpack_sharing_enabled":true,"brands":[],"_links":{"self":[{"href":"https:\/\/proservice.com.ar\/index.php\/wp-json\/wp\/v2\/product\/7945","targetHints":{"allow":["GET"]}}],"collection":[{"href":"https:\/\/proservice.com.ar\/index.php\/wp-json\/wp\/v2\/product"}],"about":[{"href":"https:\/\/proservice.com.ar\/index.php\/wp-json\/wp\/v2\/types\/product"}],"wp:featuredmedia":[{"embeddable":true,"href":"https:\/\/proservice.com.ar\/index.php\/wp-json\/wp\/v2\/media\/7948"}],"wp:attachment":[{"href":"https:\/\/proservice.com.ar\/index.php\/wp-json\/wp\/v2\/media?parent=7945"}],"wp:term":[{"taxonomy":"pwb-brand","embeddable":true,"href":"https:\/\/proservice.com.ar\/index.php\/wp-json\/wp\/v2\/pwb-brand?post=7945"},{"taxonomy":"product_brand","embeddable":true,"href":"https:\/\/proservice.com.ar\/index.php\/wp-json\/wp\/v2\/product_brand?post=7945"},{"taxonomy":"product_cat","embeddable":true,"href":"https:\/\/proservice.com.ar\/index.php\/wp-json\/wp\/v2\/product_cat?post=7945"},{"taxonomy":"product_tag","embeddable":true,"href":"https:\/\/proservice.com.ar\/index.php\/wp-json\/wp\/v2\/product_tag?post=7945"}],"curies":[{"name":"wp","href":"https:\/\/api.w.org\/{rel}","templated":true}]}}