{"id":8017,"date":"2025-11-15T12:58:08","date_gmt":"2025-11-15T15:58:08","guid":{"rendered":"https:\/\/proservice.com.ar\/?post_type=product&#038;p=8017"},"modified":"2026-03-25T16:34:08","modified_gmt":"2026-03-25T19:34:08","slug":"elgato-stream-deck-mk2-black","status":"publish","type":"product","link":"https:\/\/proservice.com.ar\/index.php\/product\/elgato-stream-deck-mk2-black\/","title":{"rendered":"Elgato Stream Deck MK2 (Black)"},"content":{"rendered":"<p>Integra todas tus herramientas y detecta y cambia escenas o inicia fuentes multimedia y de audio con sus 15 teclas LCD programables y configurables seg\u00fan tus necesidades de dise\u00f1o, lo que te proporciona control y potencia con solo pulsar una tecla.<br \/>\nAgilizar todo<br \/>\nDesde la transmisi\u00f3n y edici\u00f3n hasta el dise\u00f1o, desarrollo y redes, Stream Deck MK2 es la interfaz completa para controlar tus innumerables aplicaciones y herramientas. Personaliza tus transmisiones con gr\u00e1ficos de intro y outro personalizados, im\u00e1genes almacenadas y clips de audio y video que elevan el valor de producci\u00f3n de tu programa simplemente arrastrando y soltando las acciones deseadas en teclas espec\u00edficas. Compatible con macOS 10.13 y versiones posteriores, as\u00ed como con Windows 10 (64 bits), Stream Deck MK2 se conecta f\u00e1cilmente a tu sistema host mediante el cable USB 2.0 incluido y se puede ajustar a la posici\u00f3n que prefieras con el soporte de escritorio incluido.<\/p>\n<p>Automatizaciones de activaci\u00f3n<br \/>\nRel\u00e1jate, pulsa una tecla y sonr\u00ede mientras tu escena de introducci\u00f3n se activa y tu mensaje de bienvenida se publica en el chat. Pulsa otra tecla para activar el modo avi\u00f3n, iniciar Spotify y abrir tu app de creatividad favorita. Puedes encadenar cualquier cantidad de acciones, asignarlas a una tecla y activarlas de forma intermitente o todas a la vez. Quince teclas LCD listas para activar un n\u00famero ilimitado de acciones eliminan la necesidad de memorizar atajos de teclado.<\/p>\n<p>Comentarios mejorados<br \/>\nEl funcionamiento t\u00e1ctil con un solo toque te permite cambiar de escena, iniciar contenido multimedia, ajustar el audio y mucho m\u00e1s, mientras que la retroalimentaci\u00f3n visual confirma tus comandos. Las alertas autom\u00e1ticas te facilitan la vida, pero entre agradecer a los donantes y dar la bienvenida a los nuevos suscriptores, hay muchas oportunidades para expresarte. Usa el Stream Deck MK2 para mejorar tus travesuras en pantalla con GIF, im\u00e1genes, v\u00eddeos y clips de audio. Mientras lo haces, aplica tercios inferiores y enmarca tu contenido con gr\u00e1ficos de intro y outro exclusivos. Tienes much\u00edsimas opciones para explorar y experimentar. Elgato tambi\u00e9n ofrece la tienda Stream Deck para comprar y descargar al instante nuevos plugins, iconos e incluso m\u00fasica libre de derechos. El Stream Deck MK.2 tambi\u00e9n cuenta con una placa frontal extra\u00edble que puedes cambiar y modificar f\u00e1cilmente. Cambia las caras cuando te apetezca y personaliza por completo tu dispositivo con iconos y salvapantallas personalizados.<\/p>\n","protected":false},"excerpt":{"rendered":"<p>Elgato Stream Deck MK2<\/p>\n","protected":false},"featured_media":8021,"template":"","meta":{"om_disable_all_campaigns":false},"pwb-brand":[],"product_brand":[],"product_cat":[682],"product_tag":[712,711],"class_list":{"0":"post-8017","1":"product","2":"type-product","3":"status-publish","4":"has-post-thumbnail","6":"product_cat-elgato","7":"product_tag-10gba9901","8":"product_tag-elgato-stream-deck-mk2","10":"first","11":"outofstock","12":"sale","13":"shipping-taxable","14":"purchasable","15":"product-type-simple"},"aioseo_notices":[],"jetpack_sharing_enabled":true,"brands":[],"_links":{"self":[{"href":"https:\/\/proservice.com.ar\/index.php\/wp-json\/wp\/v2\/product\/8017","targetHints":{"allow":["GET"]}}],"collection":[{"href":"https:\/\/proservice.com.ar\/index.php\/wp-json\/wp\/v2\/product"}],"about":[{"href":"https:\/\/proservice.com.ar\/index.php\/wp-json\/wp\/v2\/types\/product"}],"wp:featuredmedia":[{"embeddable":true,"href":"https:\/\/proservice.com.ar\/index.php\/wp-json\/wp\/v2\/media\/8021"}],"wp:attachment":[{"href":"https:\/\/proservice.com.ar\/index.php\/wp-json\/wp\/v2\/media?parent=8017"}],"wp:term":[{"taxonomy":"pwb-brand","embeddable":true,"href":"https:\/\/proservice.com.ar\/index.php\/wp-json\/wp\/v2\/pwb-brand?post=8017"},{"taxonomy":"product_brand","embeddable":true,"href":"https:\/\/proservice.com.ar\/index.php\/wp-json\/wp\/v2\/product_brand?post=8017"},{"taxonomy":"product_cat","embeddable":true,"href":"https:\/\/proservice.com.ar\/index.php\/wp-json\/wp\/v2\/product_cat?post=8017"},{"taxonomy":"product_tag","embeddable":true,"href":"https:\/\/proservice.com.ar\/index.php\/wp-json\/wp\/v2\/product_tag?post=8017"}],"curies":[{"name":"wp","href":"https:\/\/api.w.org\/{rel}","templated":true}]}}