{"id":8063,"date":"2025-07-07T16:09:35","date_gmt":"2025-07-07T19:09:35","guid":{"rendered":"https:\/\/proservice.com.ar\/?post_type=product&#038;p=8063"},"modified":"2026-02-10T14:10:38","modified_gmt":"2026-02-10T17:10:38","slug":"obsbot-ndi-license-key-for-tail-air","status":"publish","type":"product","link":"https:\/\/proservice.com.ar\/index.php\/product\/obsbot-ndi-license-key-for-tail-air\/","title":{"rendered":"OBSBOT NDI License Key for Tail Air"},"content":{"rendered":"<p>Agregue la funcionalidad NDI|HX3 a su c\u00e1mara PTZ Tail Air con esta clave de licencia NDI para Tail Air de OBSBOT . Esta clave le permite transmitir se\u00f1ales de video y control a trav\u00e9s de Ethernet. El protocolo NDI|HX3 permite resoluciones de hasta 4K con una latencia de tan solo 100 ms, y tambi\u00e9n es compatible con NDI|HX2. Puede transmitir f\u00e1cilmente eventos religiosos, conferencias y otros eventos en vivo en l\u00ednea con su c\u00e1mara PTZ Tail Air compatible con NDI para un flujo de trabajo m\u00e1s sencillo a un precio muy asequible.<\/p>\n","protected":false},"excerpt":{"rendered":"<p><span dir=\"auto\" style=\"vertical-align: inherit\"><span dir=\"auto\" style=\"vertical-align: inherit\">Clave de licencia OBSBOT NDI para Tail Air<\/span><\/span><\/p>\n","protected":false},"featured_media":8064,"template":"","meta":{"om_disable_all_campaigns":false},"pwb-brand":[],"product_brand":[],"product_cat":[545],"product_tag":[720,721],"class_list":{"0":"post-8063","1":"product","2":"type-product","3":"status-publish","4":"has-post-thumbnail","6":"product_cat-obsbot","7":"product_tag-obsbot-ndi-license-key-for-tail-air","8":"product_tag-okb-2309-ct","10":"first","11":"instock","12":"sale","13":"shipping-taxable","14":"purchasable","15":"product-type-simple"},"aioseo_notices":[],"jetpack_sharing_enabled":true,"brands":[],"_links":{"self":[{"href":"https:\/\/proservice.com.ar\/index.php\/wp-json\/wp\/v2\/product\/8063","targetHints":{"allow":["GET"]}}],"collection":[{"href":"https:\/\/proservice.com.ar\/index.php\/wp-json\/wp\/v2\/product"}],"about":[{"href":"https:\/\/proservice.com.ar\/index.php\/wp-json\/wp\/v2\/types\/product"}],"wp:featuredmedia":[{"embeddable":true,"href":"https:\/\/proservice.com.ar\/index.php\/wp-json\/wp\/v2\/media\/8064"}],"wp:attachment":[{"href":"https:\/\/proservice.com.ar\/index.php\/wp-json\/wp\/v2\/media?parent=8063"}],"wp:term":[{"taxonomy":"pwb-brand","embeddable":true,"href":"https:\/\/proservice.com.ar\/index.php\/wp-json\/wp\/v2\/pwb-brand?post=8063"},{"taxonomy":"product_brand","embeddable":true,"href":"https:\/\/proservice.com.ar\/index.php\/wp-json\/wp\/v2\/product_brand?post=8063"},{"taxonomy":"product_cat","embeddable":true,"href":"https:\/\/proservice.com.ar\/index.php\/wp-json\/wp\/v2\/product_cat?post=8063"},{"taxonomy":"product_tag","embeddable":true,"href":"https:\/\/proservice.com.ar\/index.php\/wp-json\/wp\/v2\/product_tag?post=8063"}],"curies":[{"name":"wp","href":"https:\/\/api.w.org\/{rel}","templated":true}]}}