{"id":8081,"date":"2025-01-19T16:16:32","date_gmt":"2025-01-19T19:16:32","guid":{"rendered":"https:\/\/proservice.com.ar\/?post_type=product&#038;p=8081"},"modified":"2026-03-10T09:28:17","modified_gmt":"2026-03-10T12:28:17","slug":"smallrig-l-series-battery-adapter-plate-lite","status":"publish","type":"product","link":"https:\/\/proservice.com.ar\/index.php\/product\/smallrig-l-series-battery-adapter-plate-lite\/","title":{"rendered":"SmallRig L-Series Battery Adapter Plate Lite"},"content":{"rendered":"<p>Monte su bater\u00eda de la serie L en su jaula para alimentar su c\u00e1mara y accesorios con esta placa adaptadora de bater\u00eda Lite de la serie L de SmallRig . Esta placa compacta de aluminio admite una bater\u00eda Sony NP-F\/serie L de alta capacidad (disponible por separado) para proporcionar hasta 12 V o 7,4 V a su c\u00e1mara o accesorio.<\/p>\n<p>La placa se monta en el soporte o jaula de la c\u00e1mara con los dos tornillos de 1\/4&#8243;-20 incluidos. Cuenta con un acolchado de goma que evita que se tuerza durante el montaje y protege la jaula de ara\u00f1azos. Dispone de una salida de 12 VCC de 2,5 mm y una salida de 2,1 mm de 7,4 V, que permiten conectar cables de alimentaci\u00f3n o bater\u00edas de repuesto.<\/p>\n<p>Compatibilidad<br \/>\nUna bater\u00eda de la serie L<\/p>\n<p>Para marcas: Sony<br \/>\nPara modelos: Bater\u00eda NP-F<br \/>\nC\u00f3digo: 3018<\/p>\n","protected":false},"excerpt":{"rendered":"<p>SmallRig L-Series Battery Adapter Plate Lite<\/p>\n","protected":false},"featured_media":8085,"template":"","meta":{"om_disable_all_campaigns":false},"pwb-brand":[],"product_brand":[],"product_cat":[33,83],"product_tag":[725],"class_list":{"0":"post-8081","1":"product","2":"type-product","3":"status-publish","4":"has-post-thumbnail","6":"product_cat-accesorios","7":"product_cat-smallrig","8":"product_tag-725","10":"first","11":"outofstock","12":"shipping-taxable","13":"purchasable","14":"product-type-simple"},"aioseo_notices":[],"jetpack_sharing_enabled":true,"brands":[],"_links":{"self":[{"href":"https:\/\/proservice.com.ar\/index.php\/wp-json\/wp\/v2\/product\/8081","targetHints":{"allow":["GET"]}}],"collection":[{"href":"https:\/\/proservice.com.ar\/index.php\/wp-json\/wp\/v2\/product"}],"about":[{"href":"https:\/\/proservice.com.ar\/index.php\/wp-json\/wp\/v2\/types\/product"}],"wp:featuredmedia":[{"embeddable":true,"href":"https:\/\/proservice.com.ar\/index.php\/wp-json\/wp\/v2\/media\/8085"}],"wp:attachment":[{"href":"https:\/\/proservice.com.ar\/index.php\/wp-json\/wp\/v2\/media?parent=8081"}],"wp:term":[{"taxonomy":"pwb-brand","embeddable":true,"href":"https:\/\/proservice.com.ar\/index.php\/wp-json\/wp\/v2\/pwb-brand?post=8081"},{"taxonomy":"product_brand","embeddable":true,"href":"https:\/\/proservice.com.ar\/index.php\/wp-json\/wp\/v2\/product_brand?post=8081"},{"taxonomy":"product_cat","embeddable":true,"href":"https:\/\/proservice.com.ar\/index.php\/wp-json\/wp\/v2\/product_cat?post=8081"},{"taxonomy":"product_tag","embeddable":true,"href":"https:\/\/proservice.com.ar\/index.php\/wp-json\/wp\/v2\/product_tag?post=8081"}],"curies":[{"name":"wp","href":"https:\/\/api.w.org\/{rel}","templated":true}]}}