{"id":8164,"date":"2026-04-05T03:44:33","date_gmt":"2026-04-05T06:44:33","guid":{"rendered":"https:\/\/proservice.com.ar\/?post_type=product&#038;p=8164"},"modified":"2026-04-05T15:43:11","modified_gmt":"2026-04-05T18:43:11","slug":"blackmagic-camera-prodock","status":"publish","type":"product","link":"https:\/\/proservice.com.ar\/index.php\/product\/blackmagic-camera-prodock\/","title":{"rendered":"Blackmagic Camera ProDock"},"content":{"rendered":"<p>Transforma tu iPhone en una c\u00e1mara profesional con todas las conexiones necesarias para crear sistemas de montaje. Este dispositivo es compatible con Blackmagic Camera e incluye entradas para monitores HDMI, micr\u00f3fonos y auriculares, as\u00ed como un puerto USB que permite utilizar discos externos y alimentar otros equipos. Los conectores BNC profesionales brindan la posibilidad de mantener las c\u00e1maras perfectamente sincronizadas mediante se\u00f1ales de referencia externas y c\u00f3digos de tiempo. Adem\u00e1s, los tres puertos USB-C facilitan el uso de otros accesorios de control, mientras que la gesti\u00f3n inteligente del suministro energ\u00e9tico garantiza el funcionamiento simult\u00e1neo de todos ellos.<\/p>\n","protected":false},"excerpt":{"rendered":"<p>Blackmagic Camera ProDock<\/p>\n","protected":false},"featured_media":8167,"template":"","meta":{"om_disable_all_campaigns":false},"pwb-brand":[],"product_brand":[],"product_cat":[71],"product_tag":[],"class_list":{"0":"post-8164","1":"product","2":"type-product","3":"status-publish","4":"has-post-thumbnail","6":"product_cat-blackmagic-design","8":"first","9":"instock","10":"shipping-taxable","11":"purchasable","12":"product-type-simple"},"aioseo_notices":[],"jetpack_sharing_enabled":true,"brands":[],"_links":{"self":[{"href":"https:\/\/proservice.com.ar\/index.php\/wp-json\/wp\/v2\/product\/8164","targetHints":{"allow":["GET"]}}],"collection":[{"href":"https:\/\/proservice.com.ar\/index.php\/wp-json\/wp\/v2\/product"}],"about":[{"href":"https:\/\/proservice.com.ar\/index.php\/wp-json\/wp\/v2\/types\/product"}],"wp:featuredmedia":[{"embeddable":true,"href":"https:\/\/proservice.com.ar\/index.php\/wp-json\/wp\/v2\/media\/8167"}],"wp:attachment":[{"href":"https:\/\/proservice.com.ar\/index.php\/wp-json\/wp\/v2\/media?parent=8164"}],"wp:term":[{"taxonomy":"pwb-brand","embeddable":true,"href":"https:\/\/proservice.com.ar\/index.php\/wp-json\/wp\/v2\/pwb-brand?post=8164"},{"taxonomy":"product_brand","embeddable":true,"href":"https:\/\/proservice.com.ar\/index.php\/wp-json\/wp\/v2\/product_brand?post=8164"},{"taxonomy":"product_cat","embeddable":true,"href":"https:\/\/proservice.com.ar\/index.php\/wp-json\/wp\/v2\/product_cat?post=8164"},{"taxonomy":"product_tag","embeddable":true,"href":"https:\/\/proservice.com.ar\/index.php\/wp-json\/wp\/v2\/product_tag?post=8164"}],"curies":[{"name":"wp","href":"https:\/\/api.w.org\/{rel}","templated":true}]}}