{"id":8264,"date":"2026-04-01T12:38:35","date_gmt":"2026-04-01T15:38:35","guid":{"rendered":"https:\/\/proservice.com.ar\/?post_type=product&#038;p=8264"},"modified":"2026-04-01T15:56:39","modified_gmt":"2026-04-01T18:56:39","slug":"switchblade-systems-vmc12-control-panel-for-vmix-and-blackmagic-design-atem","status":"publish","type":"product","link":"https:\/\/proservice.com.ar\/index.php\/product\/switchblade-systems-vmc12-control-panel-for-vmix-and-blackmagic-design-atem\/","title":{"rendered":"Switchblade Systems VMC12 Control Panel for vMix and Blackmagic Design ATEM"},"content":{"rendered":"<p>Controla tu mezclador de software vMix o Blackmagic Design ATEM con el panel de control VMC12 para vMix y Blackmagic Design ATEM de Switchblade Systems . Dise\u00f1ado con botones retroiluminados por LED brillantes y una barra en T profesional que facilita los comandos m\u00e1s comunes, como fundidos cruzados, transiciones, efectos de v\u00eddeo digital y superposici\u00f3n de efectos, el VMC12 es el complemento ideal para cualquier sistema Switchblade y resulta adecuado tanto para usuarios experimentados como para principiantes. Conecta un cable Ethernet opcional desde tu ordenador y el VMC12 se integra a la perfecci\u00f3n con las funciones del software vMix y los sistemas Blackmagic Design ATEM. Adem\u00e1s, ese mismo cable puede alimentar la unidad mediante tecnolog\u00eda PoE (Power over Ethernet).<\/p>\n<p><strong>Funciones espec\u00edficas de vMix<\/strong><\/p>\n<ul>\n<li>M\u00e9todos de conexi\u00f3n: Conexi\u00f3n IP a trav\u00e9s de LAN RJ45 (compatible con POE 802.3af) y conexi\u00f3n directa mediante cable USB 2.0.<\/li>\n<li>Control de entrada: vista previa\/programaci\u00f3n de 12 canales<\/li>\n<li>Transiciones: 4 transiciones asignables a botones<\/li>\n<li>Superposiciones: 4 canales de superposici\u00f3n (R1 \/ R2 \/ R3 \/ R4)<\/li>\n<li>Control de reproducci\u00f3n: 2 canales de reproducci\u00f3n (M1 \/ M2)<\/li>\n<li>Otros controles: Grabar, Transmitir<\/li>\n<li>Funciones espec\u00edficas de ATEM<\/li>\n<li>M\u00e9todo de conexi\u00f3n: Conexi\u00f3n IP a trav\u00e9s de LAN RJ45 (compatible con POE 802.3af)<\/li>\n<li>Control de entrada: 12 canales<\/li>\n<li>Efectos de transici\u00f3n: 5 botones de transici\u00f3n (mezcla \/ inmersi\u00f3n \/ barrido \/ efecto de transici\u00f3n \/ DVE)<\/li>\n<li>Control del keyer ascendente: 4 botones de teclas (fondo \/ tecla 1 \/ tecla 2 \/ tecla 3 \/ tecla 4)<\/li>\n<li>Control del keyer descendente: 2 botones DSK<\/li>\n<li>FTB: compatible<\/li>\n<li>Transici\u00f3n de vista previa: compatible<\/li>\n<li>Macros: compatibles<\/li>\n<li>S\/SRC: compatible<\/li>\n<li>M\/E: compatible<\/li>\n<li>AUX: compatible<\/li>\n<\/ul>\n","protected":false},"excerpt":{"rendered":"<p>Switchblade Systems VMC12 Control Panel for vMix and Blackmagic Design ATEM<\/p>\n","protected":false},"featured_media":8267,"template":"","meta":{"om_disable_all_campaigns":false},"pwb-brand":[],"product_brand":[],"product_cat":[61],"product_tag":[734],"class_list":{"0":"post-8264","1":"product","2":"type-product","3":"status-publish","4":"has-post-thumbnail","6":"product_cat-keyboard-and-control-panel","7":"product_tag-vmc12","9":"first","10":"instock","11":"shipping-taxable","12":"purchasable","13":"product-type-simple"},"aioseo_notices":[],"jetpack_sharing_enabled":true,"brands":[],"_links":{"self":[{"href":"https:\/\/proservice.com.ar\/index.php\/wp-json\/wp\/v2\/product\/8264","targetHints":{"allow":["GET"]}}],"collection":[{"href":"https:\/\/proservice.com.ar\/index.php\/wp-json\/wp\/v2\/product"}],"about":[{"href":"https:\/\/proservice.com.ar\/index.php\/wp-json\/wp\/v2\/types\/product"}],"wp:featuredmedia":[{"embeddable":true,"href":"https:\/\/proservice.com.ar\/index.php\/wp-json\/wp\/v2\/media\/8267"}],"wp:attachment":[{"href":"https:\/\/proservice.com.ar\/index.php\/wp-json\/wp\/v2\/media?parent=8264"}],"wp:term":[{"taxonomy":"pwb-brand","embeddable":true,"href":"https:\/\/proservice.com.ar\/index.php\/wp-json\/wp\/v2\/pwb-brand?post=8264"},{"taxonomy":"product_brand","embeddable":true,"href":"https:\/\/proservice.com.ar\/index.php\/wp-json\/wp\/v2\/product_brand?post=8264"},{"taxonomy":"product_cat","embeddable":true,"href":"https:\/\/proservice.com.ar\/index.php\/wp-json\/wp\/v2\/product_cat?post=8264"},{"taxonomy":"product_tag","embeddable":true,"href":"https:\/\/proservice.com.ar\/index.php\/wp-json\/wp\/v2\/product_tag?post=8264"}],"curies":[{"name":"wp","href":"https:\/\/api.w.org\/{rel}","templated":true}]}}