{"id":8284,"date":"2024-04-01T13:31:32","date_gmt":"2024-04-01T16:31:32","guid":{"rendered":"https:\/\/proservice.com.ar\/?post_type=product&#038;p=8284"},"modified":"2026-04-01T13:37:02","modified_gmt":"2026-04-01T16:37:02","slug":"rgblink-3g-sdi-to-optical-fiber-sin-sfp","status":"publish","type":"product","link":"https:\/\/proservice.com.ar\/index.php\/product\/rgblink-3g-sdi-to-optical-fiber-sin-sfp\/","title":{"rendered":"RGBLINK 3G-SDI to Optical Fiber (sin SFP)"},"content":{"rendered":"<p>El MSP 217 es un extensor de fibra \u00f3ptica que funciona como transmisor y receptor. Permite la transmisi\u00f3n a larga distancia, facilitando la transmisi\u00f3n de se\u00f1ales entre 3G SDI y fibra \u00f3ptica. El MSP 217 es ideal para la transmisi\u00f3n de se\u00f1ales de v\u00eddeo de alta definici\u00f3n en andenes de trenes y para aplicaciones militares.<\/p>\n<p><strong>Caracter\u00edsticas principales<\/strong><\/p>\n<ul>\n<li>Todo en uno Una unidad puede admitir SDI a fibra y fibra a SDI.<\/li>\n<li>Tama\u00f1o miniatura<\/li>\n<li>Distancia de transmisi\u00f3n hasta el alcance del m\u00f3dulo SFP+<\/li>\n<li>M\u00f3dulo SPF de 3 Gbps\/10 Gbps con ajuste autom\u00e1tico<\/li>\n<li>Transmisi\u00f3n estable<\/li>\n<li>Transmisi\u00f3n de audio integrada<\/li>\n<li>Detecci\u00f3n autom\u00e1tica del formato de entrada<\/li>\n<\/ul>\n","protected":false},"excerpt":{"rendered":"<p>RGBLINK 3G-SDI to Optical Fiber (sin SFP)<\/p>\n","protected":false},"featured_media":8285,"template":"","meta":{"om_disable_all_campaigns":false},"pwb-brand":[],"product_brand":[],"product_cat":[659],"product_tag":[738],"class_list":{"0":"post-8284","1":"product","2":"type-product","3":"status-publish","4":"has-post-thumbnail","6":"product_cat-rgblink","7":"product_tag-msp-217","9":"first","10":"instock","11":"shipping-taxable","12":"purchasable","13":"product-type-simple"},"aioseo_notices":[],"jetpack_sharing_enabled":true,"brands":[],"_links":{"self":[{"href":"https:\/\/proservice.com.ar\/index.php\/wp-json\/wp\/v2\/product\/8284","targetHints":{"allow":["GET"]}}],"collection":[{"href":"https:\/\/proservice.com.ar\/index.php\/wp-json\/wp\/v2\/product"}],"about":[{"href":"https:\/\/proservice.com.ar\/index.php\/wp-json\/wp\/v2\/types\/product"}],"wp:featuredmedia":[{"embeddable":true,"href":"https:\/\/proservice.com.ar\/index.php\/wp-json\/wp\/v2\/media\/8285"}],"wp:attachment":[{"href":"https:\/\/proservice.com.ar\/index.php\/wp-json\/wp\/v2\/media?parent=8284"}],"wp:term":[{"taxonomy":"pwb-brand","embeddable":true,"href":"https:\/\/proservice.com.ar\/index.php\/wp-json\/wp\/v2\/pwb-brand?post=8284"},{"taxonomy":"product_brand","embeddable":true,"href":"https:\/\/proservice.com.ar\/index.php\/wp-json\/wp\/v2\/product_brand?post=8284"},{"taxonomy":"product_cat","embeddable":true,"href":"https:\/\/proservice.com.ar\/index.php\/wp-json\/wp\/v2\/product_cat?post=8284"},{"taxonomy":"product_tag","embeddable":true,"href":"https:\/\/proservice.com.ar\/index.php\/wp-json\/wp\/v2\/product_tag?post=8284"}],"curies":[{"name":"wp","href":"https:\/\/api.w.org\/{rel}","templated":true}]}}