{"id":8292,"date":"2022-04-01T13:42:47","date_gmt":"2022-04-01T16:42:47","guid":{"rendered":"https:\/\/proservice.com.ar\/?post_type=product&#038;p=8292"},"modified":"2026-05-08T10:23:57","modified_gmt":"2026-05-08T13:23:57","slug":"convertidor-de-video-sdi-a-vga","status":"publish","type":"product","link":"https:\/\/proservice.com.ar\/index.php\/producto\/convertidor-de-video-sdi-a-vga","title":{"rendered":"Convertidor De Video Sdi A Vga"},"content":{"rendered":"<p>Convertidor HD, SD-SDI a VGA LENKENG LKV365. Repetidor SDI, escalador VGA, separaci\u00f3n de audio est\u00e9reo anal\u00f3gico de SDI. Funci\u00f3n escalador. Funci\u00f3n repetidora (repetidor) de se\u00f1al SDI. Conector BNC (SDI), D-Sub 15 (VGA), Jack 3,5 mm (Audio Est\u00e9reo). Muestra los modos de entrada\/salida en la pantalla de visualizaci\u00f3n. Se admite una amplia gama de voltajes de suministro, de 5 a 30 V.<\/p>\n","protected":false},"excerpt":{"rendered":"<p>Convertidor De Video Sdi A Vga<\/p>\n","protected":false},"featured_media":8293,"template":"","meta":{"om_disable_all_campaigns":false},"pwb-brand":[],"product_brand":[],"product_cat":[57],"product_tag":[740],"class_list":{"0":"post-8292","1":"product","2":"type-product","3":"status-publish","4":"has-post-thumbnail","6":"product_cat-converter","7":"product_tag-lkv-365","9":"first","10":"outofstock","11":"shipping-taxable","12":"product-type-simple"},"jetpack_sharing_enabled":true,"brands":[],"_links":{"self":[{"href":"https:\/\/proservice.com.ar\/index.php\/wp-json\/wp\/v2\/product\/8292","targetHints":{"allow":["GET"]}}],"collection":[{"href":"https:\/\/proservice.com.ar\/index.php\/wp-json\/wp\/v2\/product"}],"about":[{"href":"https:\/\/proservice.com.ar\/index.php\/wp-json\/wp\/v2\/types\/product"}],"wp:featuredmedia":[{"embeddable":true,"href":"https:\/\/proservice.com.ar\/index.php\/wp-json\/wp\/v2\/media\/8293"}],"wp:attachment":[{"href":"https:\/\/proservice.com.ar\/index.php\/wp-json\/wp\/v2\/media?parent=8292"}],"wp:term":[{"taxonomy":"pwb-brand","embeddable":true,"href":"https:\/\/proservice.com.ar\/index.php\/wp-json\/wp\/v2\/pwb-brand?post=8292"},{"taxonomy":"product_brand","embeddable":true,"href":"https:\/\/proservice.com.ar\/index.php\/wp-json\/wp\/v2\/product_brand?post=8292"},{"taxonomy":"product_cat","embeddable":true,"href":"https:\/\/proservice.com.ar\/index.php\/wp-json\/wp\/v2\/product_cat?post=8292"},{"taxonomy":"product_tag","embeddable":true,"href":"https:\/\/proservice.com.ar\/index.php\/wp-json\/wp\/v2\/product_tag?post=8292"}],"curies":[{"name":"wp","href":"https:\/\/api.w.org\/{rel}","templated":true}]}}