{"id":8340,"date":"2026-04-07T10:51:51","date_gmt":"2026-04-07T13:51:51","guid":{"rendered":"https:\/\/proservice.com.ar\/?post_type=product&#038;p=8340"},"modified":"2026-04-07T12:39:33","modified_gmt":"2026-04-07T15:39:33","slug":"dji-rs-4-gimbal-stabilizer","status":"publish","type":"product","link":"https:\/\/proservice.com.ar\/index.php\/product\/dji-rs-4-gimbal-stabilizer\/","title":{"rendered":"DJI RS 4 Gimbal Stabilizer"},"content":{"rendered":"<p>La eficiencia operativa mejorada, la grabaci\u00f3n vertical nativa y un ecosistema de accesorios ampliado convierten al DJI RS 4 en una potente herramienta para los usuarios de c\u00e1maras sin espejo. El gimbal pesa tan solo 1 kg y tiene una capacidad de carga de 3 kg, suficiente para soportar c\u00e1maras compactas. Los ejes con revestimiento de tefl\u00f3n reducen la fricci\u00f3n para un equilibrio y una experiencia de uso m\u00e1s fluidos. Otras caracter\u00edsticas intuitivas incluyen un dial de ajuste fino, una pantalla OLED con bloqueo autom\u00e1tico y un puerto de comunicaci\u00f3n RSA para usar con accesorios adicionales.<\/p>\n<p>Dise\u00f1o de placa de liberaci\u00f3n r\u00e1pida de segunda generaci\u00f3n<br \/>\nCon las placas de liberaci\u00f3n r\u00e1pida de doble capa, ya conocidas en su predecesor, el RS 4 facilita enormemente el montaje y el equilibrio de la c\u00e1mara. La placa horizontal, de nuevo dise\u00f1o, permite transiciones m\u00e1s r\u00e1pidas a la grabaci\u00f3n vertical nativa. Un mando de ajuste fino permite regular el eje de inclinaci\u00f3n para mover la c\u00e1mara hacia adelante o hacia atr\u00e1s. La placa superior incorpora gu\u00edas de posicionamiento para una fijaci\u00f3n segura de la c\u00e1mara.<\/p>\n<p>Bloqueos de eje automatizados de segunda generaci\u00f3n<br \/>\nCuando el estabilizador est\u00e1 apagado, puedes mantener pulsado el bot\u00f3n de encendido para desbloquear los tres ejes mientras se despliega autom\u00e1ticamente, permiti\u00e9ndote empezar a trabajar en tan solo dos segundos. Pulsa el bot\u00f3n de encendido una vez y los ejes se bloquear\u00e1n autom\u00e1ticamente y entrar\u00e1n en modo de reposo, lo que facilita enormemente el movimiento y el almacenamiento. La segunda versi\u00f3n de este dise\u00f1o presenta espacios m\u00e1s reducidos al bloquearse para minimizar a\u00fan m\u00e1s las vibraciones del estabilizador.<\/p>\n<p>Puerto de comunicaciones RSA<br \/>\nEl puerto de comunicaci\u00f3n RSA permite integrar accesorios de la serie Ronin en la configuraci\u00f3n del gimbal. A\u00f1ade accesorios espec\u00edficos de Ronin o de terceros con funciones de control para alternar entre diferentes configuraciones de grabaci\u00f3n. El protocolo DJI RS SDK permitir\u00e1 a fabricantes externos y otros desarrolladores crear futuras funciones personalizadas para el RS 4.<\/p>\n<p>Control inal\u00e1mbrico del obturador<br \/>\nGracias a la tecnolog\u00eda Bluetooth de modo dual, el RS 4 permite el control inal\u00e1mbrico del obturador, ahorrando tiempo y esfuerzo en cada uso. Tras el emparejamiento Bluetooth inicial, puede controlar la grabaci\u00f3n de v\u00eddeo y fotograf\u00eda con solo pulsar el bot\u00f3n de grabaci\u00f3n del estabilizador. Las c\u00e1maras previamente emparejadas se reconectan autom\u00e1ticamente tras el primer uso, eliminando la necesidad de un cable de control.<\/p>\n<p>Pantalla OLED con bloqueo autom\u00e1tico<br \/>\nEl RS 4 est\u00e1 equipado con una pantalla t\u00e1ctil OLED fija con una nueva funci\u00f3n de bloqueo autom\u00e1tico. Una vez bloqueada, la pantalla mostrar\u00e1 los movimientos actuales del gimbal y el joystick con un brillo bajo para evitar cambios accidentales y ahorrar bater\u00eda.<\/p>\n<p>Monitoreo y control integrados<br \/>\nAjusta la exposici\u00f3n de la c\u00e1mara de forma remota directamente en la aplicaci\u00f3n Ronin o controla el gimbal con el joystick virtual para disfrutar de una experiencia de monitorizaci\u00f3n y control integrada. Con el transmisor de imagen Ronin, puedes usar un smartphone como controlador de movimiento para controlar de forma remota el gimbal RS 4 y lograr movimientos de c\u00e1mara m\u00e1s flexibles y din\u00e1micos.<\/p>\n<p>&nbsp;<\/p>\n","protected":false},"excerpt":{"rendered":"<p>DJI RS 4 Gimbal Stabilizer<\/p>\n","protected":false},"featured_media":8345,"template":"","meta":{"om_disable_all_campaigns":false},"pwb-brand":[],"product_brand":[],"product_cat":[643,646],"product_tag":[747],"class_list":{"0":"post-8340","1":"product","2":"type-product","3":"status-publish","4":"has-post-thumbnail","6":"product_cat-dji","7":"product_cat-gimbal-de-camara","8":"product_tag-dji-rs-4-gimbal-stabilizer","10":"first","11":"outofstock","12":"shipping-taxable","13":"product-type-simple"},"aioseo_notices":[],"jetpack_sharing_enabled":true,"brands":[],"_links":{"self":[{"href":"https:\/\/proservice.com.ar\/index.php\/wp-json\/wp\/v2\/product\/8340","targetHints":{"allow":["GET"]}}],"collection":[{"href":"https:\/\/proservice.com.ar\/index.php\/wp-json\/wp\/v2\/product"}],"about":[{"href":"https:\/\/proservice.com.ar\/index.php\/wp-json\/wp\/v2\/types\/product"}],"wp:featuredmedia":[{"embeddable":true,"href":"https:\/\/proservice.com.ar\/index.php\/wp-json\/wp\/v2\/media\/8345"}],"wp:attachment":[{"href":"https:\/\/proservice.com.ar\/index.php\/wp-json\/wp\/v2\/media?parent=8340"}],"wp:term":[{"taxonomy":"pwb-brand","embeddable":true,"href":"https:\/\/proservice.com.ar\/index.php\/wp-json\/wp\/v2\/pwb-brand?post=8340"},{"taxonomy":"product_brand","embeddable":true,"href":"https:\/\/proservice.com.ar\/index.php\/wp-json\/wp\/v2\/product_brand?post=8340"},{"taxonomy":"product_cat","embeddable":true,"href":"https:\/\/proservice.com.ar\/index.php\/wp-json\/wp\/v2\/product_cat?post=8340"},{"taxonomy":"product_tag","embeddable":true,"href":"https:\/\/proservice.com.ar\/index.php\/wp-json\/wp\/v2\/product_tag?post=8340"}],"curies":[{"name":"wp","href":"https:\/\/api.w.org\/{rel}","templated":true}]}}